{"id":117,"date":"2018-07-15T14:11:39","date_gmt":"2018-07-15T14:11:39","guid":{"rendered":"http:\/\/astrologie-in-konstanz.de\/?page_id=117"},"modified":"2022-11-22T16:25:40","modified_gmt":"2022-11-22T16:25:40","slug":"geburtshoroskop","status":"publish","type":"page","link":"https:\/\/astrologie-in-konstanz.de\/?page_id=117","title":{"rendered":"Geburtshoroskop"},"content":{"rendered":"<p style=\"text-align: left;\">Ihr individuelles Geburtshoroskop, das anhand der genauen Geburtszeit und Ihres Geburtsortes eigens f\u00fcr Sie erstellt wird, bildet die Grundlage f\u00fcr meine astrologische Beratung. Bei der Deutung der Konstellationen am Tag Ihrer Geburt sprechen wir \u00fcber die \u201eLernaufgaben\u201c, die Sie mit auf den Weg bekommen haben. Ihr Geburtshoroskop kann Ihnen als Wegweiser auf dem Weg zur Selbstentfaltung dienen, als Landkarte der Seele, damit Sie Ihre ureigensten Anlagen und Pers\u00f6nlichkeitsanteile besser verstehen lernen (Thema: \u201e\u2026 zwei Seelen, ach, in meiner Brust\u201c. <em>Goethe<\/em>).<\/p>\n<p style=\"text-align: left;\"><em>Es kann Sie zu der Erkenntnis f\u00fchren, dass manche Erfahrungen notwendig waren, um Ihre Lebensaufgabe zu erkennen und Ihrem Ziel n\u00e4her zu kommen. <\/em><\/p>\n","protected":false},"excerpt":{"rendered":"<p>Ihr individuelles Geburtshoroskop, das anhand der genauen Geburtszeit und Ihres Geburtsortes eigens f\u00fcr Sie erstellt wird, bildet die Grundlage f\u00fcr meine astrologische Beratung. Bei der Deutung der Konstellationen am Tag Ihrer Geburt sprechen wir \u00fcber die \u201eLernaufgaben\u201c, die Sie mit auf den Weg bekommen haben. Ihr Geburtshoroskop kann Ihnen als Wegweiser auf dem Weg zur Selbstentfaltung dienen, als Landkarte der Seele, damit Sie Ihre ureigensten Anlagen und Pers\u00f6nlichkeitsanteile besser verstehen lernen (Thema: \u201e\u2026 zwei Seelen, ach, in meiner Brust\u201c. Goethe)&#8230;.<\/p>\n<p class=\"read-more\"><a class=\"btn btn-default\" href=\"https:\/\/astrologie-in-konstanz.de\/?page_id=117\">Weiterlesen<span class=\"screen-reader-text\"> Weiterlesen<\/span><\/a><\/p>\n","protected":false},"author":1,"featured_media":0,"parent":83,"menu_order":0,"comment_status":"closed","ping_status":"closed","template":"","meta":{"footnotes":""},"class_list":["post-117","page","type-page","status-publish","hentry"],"_links":{"self":[{"href":"https:\/\/astrologie-in-konstanz.de\/index.php?rest_route=\/wp\/v2\/pages\/117","targetHints":{"allow":["GET"]}}],"collection":[{"href":"https:\/\/astrologie-in-konstanz.de\/index.php?rest_route=\/wp\/v2\/pages"}],"about":[{"href":"https:\/\/astrologie-in-konstanz.de\/index.php?rest_route=\/wp\/v2\/types\/page"}],"author":[{"embeddable":true,"href":"https:\/\/astrologie-in-konstanz.de\/index.php?rest_route=\/wp\/v2\/users\/1"}],"replies":[{"embeddable":true,"href":"https:\/\/astrologie-in-konstanz.de\/index.php?rest_route=%2Fwp%2Fv2%2Fcomments&post=117"}],"version-history":[{"count":4,"href":"https:\/\/astrologie-in-konstanz.de\/index.php?rest_route=\/wp\/v2\/pages\/117\/revisions"}],"predecessor-version":[{"id":826,"href":"https:\/\/astrologie-in-konstanz.de\/index.php?rest_route=\/wp\/v2\/pages\/117\/revisions\/826"}],"up":[{"embeddable":true,"href":"https:\/\/astrologie-in-konstanz.de\/index.php?rest_route=\/wp\/v2\/pages\/83"}],"wp:attachment":[{"href":"https:\/\/astrologie-in-konstanz.de\/index.php?rest_route=%2Fwp%2Fv2%2Fmedia&parent=117"}],"curies":[{"name":"wp","href":"https:\/\/api.w.org\/{rel}","templated":true}]}}