{"id":150,"date":"2018-07-15T20:18:06","date_gmt":"2018-07-15T20:18:06","guid":{"rendered":"http:\/\/astrologie-in-konstanz.de\/?page_id=150"},"modified":"2024-12-26T17:24:08","modified_gmt":"2024-12-26T17:24:08","slug":"astrocafe","status":"publish","type":"page","link":"https:\/\/astrologie-in-konstanz.de\/?page_id=150","title":{"rendered":"AstroCaf\u00e9"},"content":{"rendered":"<p>INTERESSANTES &amp; UNTERHALTSAMES ZUM HERUMST\u00d6BERN<\/p>\n\n\n<figure class=\"wp-block-image\"><img loading=\"lazy\" decoding=\"async\" width=\"549\" height=\"412\" src=\"https:\/\/astrologie-in-konstanz.de\/wp-content\/uploads\/2019\/04\/Astrocafe_breit..jpg\" alt=\"\" class=\"wp-image-544\" srcset=\"https:\/\/astrologie-in-konstanz.de\/wp-content\/uploads\/2019\/04\/Astrocafe_breit..jpg 549w, https:\/\/astrologie-in-konstanz.de\/wp-content\/uploads\/2019\/04\/Astrocafe_breit.-300x225.jpg 300w, https:\/\/astrologie-in-konstanz.de\/wp-content\/uploads\/2019\/04\/Astrocafe_breit.-360x270.jpg 360w\" sizes=\"auto, (max-width: 549px) 100vw, 549px\" \/><\/figure>\n\n\n\n<ul class=\"wp-block-list\"><li>AKTUELL: Astrob\u00fccher &#8211; Flohmarkt<\/li><li>Merkur r\u00fcckl\u00e4ufig?<\/li><li>Neptun zum Anfassen<\/li><li>Downloads<\/li><li>Surftipps<\/li><li>Erfahrungswissen<\/li><li>Veranstaltungen<\/li><\/ul>\n\n\n\n<p><\/p>\n","protected":false},"excerpt":{"rendered":"<p>INTERESSANTES &amp; UNTERHALTSAMES ZUM HERUMST\u00d6BERN AKTUELL: Astrob\u00fccher &#8211; Flohmarkt Merkur r\u00fcckl\u00e4ufig? Neptun zum Anfassen Downloads Surftipps Erfahrungswissen Veranstaltungen<\/p>\n","protected":false},"author":1,"featured_media":0,"parent":0,"menu_order":0,"comment_status":"closed","ping_status":"closed","template":"","meta":{"footnotes":""},"class_list":["post-150","page","type-page","status-publish","hentry"],"_links":{"self":[{"href":"https:\/\/astrologie-in-konstanz.de\/index.php?rest_route=\/wp\/v2\/pages\/150","targetHints":{"allow":["GET"]}}],"collection":[{"href":"https:\/\/astrologie-in-konstanz.de\/index.php?rest_route=\/wp\/v2\/pages"}],"about":[{"href":"https:\/\/astrologie-in-konstanz.de\/index.php?rest_route=\/wp\/v2\/types\/page"}],"author":[{"embeddable":true,"href":"https:\/\/astrologie-in-konstanz.de\/index.php?rest_route=\/wp\/v2\/users\/1"}],"replies":[{"embeddable":true,"href":"https:\/\/astrologie-in-konstanz.de\/index.php?rest_route=%2Fwp%2Fv2%2Fcomments&post=150"}],"version-history":[{"count":8,"href":"https:\/\/astrologie-in-konstanz.de\/index.php?rest_route=\/wp\/v2\/pages\/150\/revisions"}],"predecessor-version":[{"id":714,"href":"https:\/\/astrologie-in-konstanz.de\/index.php?rest_route=\/wp\/v2\/pages\/150\/revisions\/714"}],"wp:attachment":[{"href":"https:\/\/astrologie-in-konstanz.de\/index.php?rest_route=%2Fwp%2Fv2%2Fmedia&parent=150"}],"curies":[{"name":"wp","href":"https:\/\/api.w.org\/{rel}","templated":true}]}}