{"id":287,"date":"2019-04-22T20:36:18","date_gmt":"2019-04-22T20:36:18","guid":{"rendered":"http:\/\/astrologie-in-konstanz.de\/?page_id=287"},"modified":"2020-01-08T22:42:34","modified_gmt":"2020-01-08T22:42:34","slug":"berufsgeloebnis-dav","status":"publish","type":"page","link":"https:\/\/astrologie-in-konstanz.de\/?page_id=287","title":{"rendered":"Berufsgel\u00f6bnis DAV"},"content":{"rendered":"\n<p><em>Der DAV erwartet von seinen Mitgliedern, die berufsm\u00e4\u00dfig astrologische Dienstleistungen anbieten, dass sie sich ihrer hohen Verantwortung bewusst sind und veranlasst sie, das folgende verpflichtende <strong>&#8222;Gel\u00f6bnis des Deutschen Astrologen-Verbandes e. V.&#8220;<\/strong> abzulegen: <\/em><\/p>\n\n\n\n<ul class=\"wp-block-list\"><li>Im Bewusstsein, dass Astrologie ein hohes kulturelles Gut ist, werde ich die \u00dcberlieferung der astrologischen Kunst und ihre zeitgem\u00e4\u00dfe Weiterentwicklung achten und nach Kr\u00e4ften pflegen.<\/li><li>Ich werde meinen Beruf als beratende Astrologin mit Gewissenhaftigkeit, angemessener Zur\u00fcckhaltung, Unabh\u00e4ngigkeit und Eigenverantwortlichkeit aus\u00fcben.<\/li><li>Meine Deutungen und Erkl\u00e4rungen sind fach- und sachgerecht begr\u00fcndet. Sollten sich bestimmte Aussagen auf andere als astrologische Erkenntnismittel gr\u00fcnden, werde ich dies den Klientinnen\/Klienten offenlegen.<\/li><li>Die Grenzen astrologischer Aussagem\u00f6glichkeiten sind mir bewusst. Ich werde den freien Willen meiner Klientinnen\/Klientenachten und meine Beratungen wertsch\u00e4tzend f\u00fchren. Es ist mir ein Anliegen, den Ratsuchenden Entwicklungs- und Handlungs-m\u00f6glichkeiten zu er\u00f6ffnen und ihre F\u00e4higkeiten st\u00e4rken, eigenverantwortlich existenzielle Entscheidungen f\u00fcr sich zu treffen. Auf Fragen meiner Klienten werde ich so pr\u00e4zise wie m\u00f6glich antworten. In Bezug auf Themen, nach denen ich nicht gefragt wurde, werde ich mich zur\u00fcckhalten.<\/li><li>Ich werde darauf achten, dass meine Aussagen und Interventionen der gesunden Entwicklung der Pers\u00f6nlichkeit f\u00f6rderlich sind, und jegliche \u00e4ngstigende und fatalistische Prognose vermeiden.<\/li><li>Ich werde anvertraute Geheimnisse bewahren und das Vertrauen meiner Klientinnen und Klienten nicht missbrauchen. Ich werde diese nicht \u00fcbervorteilen und auch sonst keinen unrechtm\u00e4\u00dfigen Gewinn f\u00fcr mich zu erreichen suchen. <\/li><li>Ich werde mich in der Beratung auf das Horoskop des Klienten oder der aktuellen Frage beschr\u00e4nken und Horoskope dritter Personen \u2013 dazu z\u00e4hlen auch Kinder und Jugendliche \u2013 nur dann in Betracht ziehen, wenn dies f\u00fcr alle Betroffenen hilfreich erscheint.<\/li><\/ul>\n","protected":false},"excerpt":{"rendered":"<p>Der DAV erwartet von seinen Mitgliedern, die berufsm\u00e4\u00dfig astrologische Dienstleistungen anbieten, dass sie sich ihrer hohen Verantwortung bewusst sind und veranlasst sie, das folgende verpflichtende &#8222;Gel\u00f6bnis des Deutschen Astrologen-Verbandes e. V.&#8220; abzulegen: Im Bewusstsein, dass Astrologie ein hohes kulturelles Gut ist, werde ich die \u00dcberlieferung der astrologischen Kunst und ihre zeitgem\u00e4\u00dfe Weiterentwicklung achten und nach Kr\u00e4ften pflegen. Ich werde meinen Beruf als beratende Astrologin mit Gewissenhaftigkeit, angemessener Zur\u00fcckhaltung, Unabh\u00e4ngigkeit und Eigenverantwortlichkeit aus\u00fcben. Meine Deutungen und Erkl\u00e4rungen sind fach- und sachgerecht&#8230;<\/p>\n<p class=\"read-more\"><a class=\"btn btn-default\" href=\"https:\/\/astrologie-in-konstanz.de\/?page_id=287\">Weiterlesen<span class=\"screen-reader-text\"> Weiterlesen<\/span><\/a><\/p>\n","protected":false},"author":1,"featured_media":0,"parent":0,"menu_order":0,"comment_status":"closed","ping_status":"closed","template":"","meta":{"footnotes":""},"class_list":["post-287","page","type-page","status-publish","hentry"],"_links":{"self":[{"href":"https:\/\/astrologie-in-konstanz.de\/index.php?rest_route=\/wp\/v2\/pages\/287","targetHints":{"allow":["GET"]}}],"collection":[{"href":"https:\/\/astrologie-in-konstanz.de\/index.php?rest_route=\/wp\/v2\/pages"}],"about":[{"href":"https:\/\/astrologie-in-konstanz.de\/index.php?rest_route=\/wp\/v2\/types\/page"}],"author":[{"embeddable":true,"href":"https:\/\/astrologie-in-konstanz.de\/index.php?rest_route=\/wp\/v2\/users\/1"}],"replies":[{"embeddable":true,"href":"https:\/\/astrologie-in-konstanz.de\/index.php?rest_route=%2Fwp%2Fv2%2Fcomments&post=287"}],"version-history":[{"count":3,"href":"https:\/\/astrologie-in-konstanz.de\/index.php?rest_route=\/wp\/v2\/pages\/287\/revisions"}],"predecessor-version":[{"id":688,"href":"https:\/\/astrologie-in-konstanz.de\/index.php?rest_route=\/wp\/v2\/pages\/287\/revisions\/688"}],"wp:attachment":[{"href":"https:\/\/astrologie-in-konstanz.de\/index.php?rest_route=%2Fwp%2Fv2%2Fmedia&parent=287"}],"curies":[{"name":"wp","href":"https:\/\/api.w.org\/{rel}","templated":true}]}}