{"id":77,"date":"2018-07-15T12:46:35","date_gmt":"2018-07-15T12:46:35","guid":{"rendered":"http:\/\/astrologie-in-konstanz.de\/?page_id=77"},"modified":"2024-03-16T18:00:39","modified_gmt":"2024-03-16T18:00:39","slug":"ueber-mich-2","status":"publish","type":"page","link":"https:\/\/astrologie-in-konstanz.de\/?page_id=77","title":{"rendered":"\u00dcber mich"},"content":{"rendered":"<p><strong><img loading=\"lazy\" decoding=\"async\" class=\"wp-image-190 alignright\" src=\"https:\/\/astrologie-in-konstanz.de\/wp-content\/uploads\/2018\/07\/Elvira-Gr\u00fcbel_quad-300x300.jpg\" alt=\"\" width=\"250\" height=\"250\" srcset=\"https:\/\/astrologie-in-konstanz.de\/wp-content\/uploads\/2018\/07\/Elvira-Gr\u00fcbel_quad-300x300.jpg 300w, https:\/\/astrologie-in-konstanz.de\/wp-content\/uploads\/2018\/07\/Elvira-Gr\u00fcbel_quad-150x150.jpg 150w, https:\/\/astrologie-in-konstanz.de\/wp-content\/uploads\/2018\/07\/Elvira-Gr\u00fcbel_quad-768x768.jpg 768w, https:\/\/astrologie-in-konstanz.de\/wp-content\/uploads\/2018\/07\/Elvira-Gr\u00fcbel_quad-1024x1024.jpg 1024w, https:\/\/astrologie-in-konstanz.de\/wp-content\/uploads\/2018\/07\/Elvira-Gr\u00fcbel_quad-270x270.jpg 270w, https:\/\/astrologie-in-konstanz.de\/wp-content\/uploads\/2018\/07\/Elvira-Gr\u00fcbel_quad.jpg 1768w\" sizes=\"auto, (max-width: 250px) 100vw, 250px\" \/><\/strong><\/p>\n<p><strong>Elvira Gr\u00fcbel, gepr\u00fcfte Astrologin (DAV)<\/strong><\/p>\n<p style=\"text-align: left;\"><em>In Lindau (Bodensee) geboren, in Konstanz h\u00e4ngen geblieben<br \/>\nJungfrau-Sonne, Skorpion-Mond und Wassermann-Aszendent.<br \/>\n<\/em><\/p>\n<p style=\"text-align: left;\">Seit 1986 besch\u00e4ftige ich mich mit der Symbolsprache Astrologie. Die essentiellen Grundlagen der Astrologie lernte ich bei Donald Samson. Zweij\u00e4hrige Ausbildung am Institut f\u00fcr Psychologische Astrologie (Hermann Meyer). Werke von Autoren wie Robert Hand, Thomas Ring (revidierte klassische Astrologie) und Dane Rudhyar (humanistische und transpersonale Astrologie) haben meinen Weg nachhaltig gepr\u00e4gt. In Seminarbesuchen und Weiterbildungen bei Stephen Arroyo, Verena Bachmann, Liz Greene, Karen Hamaker-Zondag, Charles Harvey, Ernst Ott und Richard Tarnas konnte ich mein Erfahrungswissen in der psychologischen Astrologie erweitern. Mein Interesse wurde schon fr\u00fch auf die Arbeit mit Familienkonstellationen (bei Bert Hellinger und Wilfried de Philipp) gelenkt. In Beratungen liegt der Fokus oft auf Themen im Bereich Beziehung &#8211; Familie &#8211; Kinder.<\/p>\n<p style=\"text-align: left;\">Eine lebendige Bereicherung brachte mir Mitte der 90er Jahre die Ausbildung beim Pionier des Astrodrama, Friedel Roggenbuck. Ein Teil des Ausbildungszyklus bestand darin, durch Naturerfahrungen den Bezug zu den Elementen Feuer, Erde, Luft und Wasser durch &#8222;elementares&#8220; Erleben herzustellen. In Horoskopaufstellungen wird den Planeten (unseren Pers\u00f6nlichkeitsanteilen) eine &#8222;Stimme&#8220; gegeben, um so an archetypische Bilder heranzukommen. Innere Prozesse werden durch den Einsatz von Musik unterst\u00fctzt.<\/p>\n<p style=\"text-align: left;\">Im Sommer 2005 legte ich die Pr\u00fcfung des Deutschen Astrologenverbandes e.V. ab (Mitgliedschaft seit 1997). Ein Schwerpunkt der Abschlusspr\u00fcfung war meine astrologische Biografiearbeit \u00fcber George Sand \u2013 \u201eGeliebte und Rebellin, Schriftstellerin und Vision\u00e4rin\u201c\u00a0 einschlie\u00dflich einer Analyse ihrer ber\u00fchmten Beziehung zu Fr\u00e9d\u00e9ric Chopin (in leicht gek\u00fcrzter Fassung als pdf-Dokument bei mir zu bestellen).<\/p>\n<p style=\"text-align: left;\">Ein Highlight f\u00fcr mich war 1997 \u2013 mit Neptun im Transit \u00fcber den Aszendenten &#8211; die Mitwirkung in der Astrodrama-Theatergruppe beim DAV-Kongress in Heidelberg und 1998 als &#8222;Astro-Medium Madame Brouillard&#8220; in dem Sketch &#8222;Beraten und verkauft&#8220; anl\u00e4sslich des 30-j\u00e4hrigen Jubil\u00e4ums des Astrologisch-Psychologischen Instituts (API) in Adliswil.<\/p>\n<p style=\"text-align: left;\">Im Tanz (Butoh, Hilal Dance, Hula) habe ich ein starkes Mittel f\u00fcr authentischen Selbstausdruck gefunden, &#8222;meine Seele zu tanzen&#8220;. Auch meine Erfahrung mit Meditation (u.a. Ausbildung zur <a href=\"http:\/\/www.inta-meditation-verein.net\">INTA<\/a>-Meditationslehrerin bei Werner Sprenger\u2020 ) hilft mir, in der Begegnung mit Menschen offen, urteilsfrei und pr\u00e4sent zu sein. Alles Qualit\u00e4ten, die mir auch in meinem b\u00fcrgerlichen Berufsalltag (Organisation und Fremdsprachen im Wissenschaftsbereich) zugute kamen.<\/p>\n<p style=\"text-align: left;\"><em>Einige Facetten meines Lebenslaufs jenseits der Astrologie: Gymnasium, kaufm\u00e4nnische Lehre in der Tourismus-Branche, Auslandsaufenthalte (Kanada, Costa Rica), Mitarbeit in einem Verlag.<\/em><\/p>\n","protected":false},"excerpt":{"rendered":"<p>Elvira Gr\u00fcbel, gepr\u00fcfte Astrologin (DAV) In Lindau (Bodensee) geboren, in Konstanz h\u00e4ngen geblieben Jungfrau-Sonne, Skorpion-Mond und Wassermann-Aszendent. Seit 1986 besch\u00e4ftige ich mich mit der Symbolsprache Astrologie. Die essentiellen Grundlagen der Astrologie lernte ich bei Donald Samson. Zweij\u00e4hrige Ausbildung am Institut f\u00fcr Psychologische Astrologie (Hermann Meyer). Werke von Autoren wie Robert Hand, Thomas Ring (revidierte klassische Astrologie) und Dane Rudhyar (humanistische und transpersonale Astrologie) haben meinen Weg nachhaltig gepr\u00e4gt. In Seminarbesuchen und Weiterbildungen bei Stephen Arroyo, Verena Bachmann, Liz Greene, Karen&#8230;<\/p>\n<p class=\"read-more\"><a class=\"btn btn-default\" href=\"https:\/\/astrologie-in-konstanz.de\/?page_id=77\">Weiterlesen<span class=\"screen-reader-text\"> Weiterlesen<\/span><\/a><\/p>\n","protected":false},"author":1,"featured_media":0,"parent":8,"menu_order":0,"comment_status":"closed","ping_status":"closed","template":"","meta":{"footnotes":""},"class_list":["post-77","page","type-page","status-publish","hentry"],"_links":{"self":[{"href":"https:\/\/astrologie-in-konstanz.de\/index.php?rest_route=\/wp\/v2\/pages\/77","targetHints":{"allow":["GET"]}}],"collection":[{"href":"https:\/\/astrologie-in-konstanz.de\/index.php?rest_route=\/wp\/v2\/pages"}],"about":[{"href":"https:\/\/astrologie-in-konstanz.de\/index.php?rest_route=\/wp\/v2\/types\/page"}],"author":[{"embeddable":true,"href":"https:\/\/astrologie-in-konstanz.de\/index.php?rest_route=\/wp\/v2\/users\/1"}],"replies":[{"embeddable":true,"href":"https:\/\/astrologie-in-konstanz.de\/index.php?rest_route=%2Fwp%2Fv2%2Fcomments&post=77"}],"version-history":[{"count":35,"href":"https:\/\/astrologie-in-konstanz.de\/index.php?rest_route=\/wp\/v2\/pages\/77\/revisions"}],"predecessor-version":[{"id":1095,"href":"https:\/\/astrologie-in-konstanz.de\/index.php?rest_route=\/wp\/v2\/pages\/77\/revisions\/1095"}],"up":[{"embeddable":true,"href":"https:\/\/astrologie-in-konstanz.de\/index.php?rest_route=\/wp\/v2\/pages\/8"}],"wp:attachment":[{"href":"https:\/\/astrologie-in-konstanz.de\/index.php?rest_route=%2Fwp%2Fv2%2Fmedia&parent=77"}],"curies":[{"name":"wp","href":"https:\/\/api.w.org\/{rel}","templated":true}]}}